{"id":1597,"date":"2017-11-08T11:19:50","date_gmt":"2017-11-08T10:19:50","guid":{"rendered":"http:\/\/wordpress.missgriff.org\/?page_id=1597"},"modified":"2018-09-12T09:26:33","modified_gmt":"2018-09-12T07:26:33","slug":"livres-2","status":"publish","type":"page","link":"http:\/\/wordpress.missgriff.org\/?page_id=1597","title":{"rendered":"livres"},"content":{"rendered":"<div>\n<p style=\"text-align: justify;\"><span style=\"font-family: helvetica,arial,sans-serif;\"><img loading=\"lazy\" class=\"size-full wp-image-2048 alignnone\" src=\"http:\/\/wordpress.missgriff.org\/wp-content\/uploads\/2018\/01\/livres.jpg\" alt=\"\" width=\"188\" height=\"59\"><\/span><\/p>\n<p style=\"text-align: justify;\"><span style=\"font-family: helvetica,arial,sans-serif;\"><img loading=\"lazy\" class=\"size-full wp-image-1963 alignnone\" src=\"http:\/\/wordpress.missgriff.org\/wp-content\/uploads\/2017\/12\/bandjaun.jpg\" alt=\"\" width=\"1045\" height=\"20\" srcset=\"http:\/\/wordpress.missgriff.org\/wp-content\/uploads\/2017\/12\/bandjaun.jpg 1045w, http:\/\/wordpress.missgriff.org\/wp-content\/uploads\/2017\/12\/bandjaun-768x15.jpg 768w, http:\/\/wordpress.missgriff.org\/wp-content\/uploads\/2017\/12\/bandjaun-830x16.jpg 830w, http:\/\/wordpress.missgriff.org\/wp-content\/uploads\/2017\/12\/bandjaun-230x4.jpg 230w, http:\/\/wordpress.missgriff.org\/wp-content\/uploads\/2017\/12\/bandjaun-350x7.jpg 350w, http:\/\/wordpress.missgriff.org\/wp-content\/uploads\/2017\/12\/bandjaun-480x9.jpg 480w\" sizes=\"(max-width: 1045px) 100vw, 1045px\" \/><\/span><\/p>\n<p style=\"text-align: justify;\"><span style=\"font-family: helvetica, arial, sans-serif;\"><strong><a href=\"http:\/\/wordpress.missgriff.org\/wp-content\/uploads\/2017\/11\/couverture-livremissgriff-messegood.jpg\"><img loading=\"lazy\" class=\"alignleft wp-image-1605\" src=\"http:\/\/wordpress.missgriff.org\/wp-content\/uploads\/2017\/11\/couverture-livremissgriff-messegood.jpg\" alt=\"\" width=\"297\" height=\"447\" srcset=\"http:\/\/wordpress.missgriff.org\/wp-content\/uploads\/2017\/11\/couverture-livremissgriff-messegood.jpg 1648w, http:\/\/wordpress.missgriff.org\/wp-content\/uploads\/2017\/11\/couverture-livremissgriff-messegood-768x1156.jpg 768w, http:\/\/wordpress.missgriff.org\/wp-content\/uploads\/2017\/11\/couverture-livremissgriff-messegood-830x1250.jpg 830w, http:\/\/wordpress.missgriff.org\/wp-content\/uploads\/2017\/11\/couverture-livremissgriff-messegood-230x346.jpg 230w, http:\/\/wordpress.missgriff.org\/wp-content\/uploads\/2017\/11\/couverture-livremissgriff-messegood-350x527.jpg 350w, http:\/\/wordpress.missgriff.org\/wp-content\/uploads\/2017\/11\/couverture-livremissgriff-messegood-480x723.jpg 480w\" sizes=\"(max-width: 297px) 100vw, 297px\" \/><\/a><span style=\"font-size: 12pt; color: #800080;\">MISS GRIFF<br \/>\n<\/span><\/strong><span style=\"font-size: 12pt; color: #000000;\">[en allemand] : gaffe, erreur, faux-pas.<\/span><\/span><\/p>\n<p style=\"text-align: justify;\"><span style=\"font-family: helvetica, arial, sans-serif; font-size: 12pt; color: #000000;\">D\u00e9p\u00each\u00e9e pour c\u00e9l\u00e9brer la grand-messe de la culture et de la <\/span><span style=\"font-family: helvetica, arial, sans-serif; font-size: 12pt; color: #000000;\">sant\u00e9, Miss Griff finira bien par l&rsquo;ex\u00e9cuter, mais \u00e0 bout portant. <\/span><br \/>\n<span style=\"font-size: 12pt; color: #000000;\"> <span style=\"font-family: helvetica, arial, sans-serif;\"> Car maintenant, ils sont trois: Elle, sur sc\u00e8ne, Lui (son amant), <\/span><span style=\"font-family: helvetica, arial, sans-serif;\">cach\u00e9 en coulisse, Eux (les spectateurs). Miss Griff va faire du dispositif th\u00e9\u00e2tral la m\u00e9taphore revisit\u00e9e de la conscience humaine. C&rsquo;est de sa vie intime qu&rsquo;elle finit par parler, de l&rsquo;homme aim\u00e9 dont le corps se disloque et le cerveau d\u00e9raille &#8211; mais proph\u00e9tise. Sacrifi\u00e9 par la conjoncture, c&rsquo;est Lui qui la pousse, comme pour d&rsquo;autres la figure christique, \u00e0 faire d&rsquo;une harangue un sermon, d&rsquo;une conviction, un cr\u00e9do, d&rsquo;une confidence un confiteor et d&rsquo;un cri une pri\u00e8re.<br \/>\n<\/span><\/span><br \/>\n<span style=\"font-family: helvetica, arial, sans-serif; font-size: 12pt; color: #000000;\"> Au nom de la mer, de la terre et du firmament, Nicole Charpail invente une liturgie et nous convie, par des moyens peu orthodoxes \u00e0 exhumer pour les ex\u00e9cuter les Dieux et les Diables auxquels nous sommes en train de faire l&rsquo;offrande de l&rsquo;humanit\u00e9.<\/span><\/p>\n<p style=\"text-align: justify;\"><span style=\"font-family: helvetica,arial,sans-serif;\"><img loading=\"lazy\" class=\"size-full wp-image-1967 alignnone\" src=\"http:\/\/wordpress.missgriff.org\/wp-content\/uploads\/2017\/12\/bandnoir.jpg\" alt=\"\" width=\"1045\" height=\"10\" srcset=\"http:\/\/wordpress.missgriff.org\/wp-content\/uploads\/2017\/12\/bandnoir.jpg 1045w, http:\/\/wordpress.missgriff.org\/wp-content\/uploads\/2017\/12\/bandnoir-768x7.jpg 768w, http:\/\/wordpress.missgriff.org\/wp-content\/uploads\/2017\/12\/bandnoir-830x8.jpg 830w, http:\/\/wordpress.missgriff.org\/wp-content\/uploads\/2017\/12\/bandnoir-230x2.jpg 230w, http:\/\/wordpress.missgriff.org\/wp-content\/uploads\/2017\/12\/bandnoir-350x3.jpg 350w, http:\/\/wordpress.missgriff.org\/wp-content\/uploads\/2017\/12\/bandnoir-480x5.jpg 480w\" sizes=\"(max-width: 1045px) 100vw, 1045px\" \/><\/span><span style=\"color: #800080; font-family: helvetica, arial, sans-serif; font-size: 12pt;\"><strong><br \/>\nDES TH\u00c9\u00c2TRES DE L&rsquo;AUTRE<\/strong><\/span><em><strong><a href=\"http:\/\/wordpress.missgriff.org\/wp-content\/uploads\/2017\/11\/Th\u00e9\u00e2tredelautre.jpg\"><img loading=\"lazy\" class=\"alignleft wp-image-1457\" src=\"http:\/\/wordpress.missgriff.org\/wp-content\/uploads\/2017\/11\/Th\u00e9\u00e2tredelautre.jpg\" alt=\"\" width=\"298\" height=\"500\" srcset=\"http:\/\/wordpress.missgriff.org\/wp-content\/uploads\/2017\/11\/Th\u00e9\u00e2tredelautre-768x1292.jpg 768w, http:\/\/wordpress.missgriff.org\/wp-content\/uploads\/2017\/11\/Th\u00e9\u00e2tredelautre-230x387.jpg 230w, http:\/\/wordpress.missgriff.org\/wp-content\/uploads\/2017\/11\/Th\u00e9\u00e2tredelautre-350x589.jpg 350w\" sizes=\"(max-width: 298px) 100vw, 298px\" \/><\/a><\/strong> <\/em><span style=\"font-family: helvetica, arial, sans-serif; font-size: 12pt; color: #000000;\"><br \/>\n<em>Ouvrage collectif<\/em> &#8211; Ed. ACORIA &#8211; mars 2001<\/span><\/p>\n<\/div>\n<p style=\"text-align: justify;\"><span style=\"font-family: helvetica, arial, sans-serif; font-size: 12pt; color: #000000;\">Comment faire entendre que la pertinence de ces \u00ab&nbsp;th\u00e9\u00e2tres&nbsp;\u00bb-l\u00e0 (qui ne se r\u00e9duisent pas \u00e0 des exp\u00e9riences d\u2019art dramatique) ne tient pas au fait qu\u2019ils convoquent en qualit\u00e9 d\u2019acteur des personnes identifi\u00e9es comme \u00ab&nbsp;autres&nbsp;\u00bb, mais au fait que, depuis cette convocation, c\u2019est la question m\u00eame de l\u2019alt\u00e9rit\u00e9, telle qu\u2019elle traverse chacun de nous, qui est plac\u00e9e au c\u0153ur de l\u2019acte th\u00e9\u00e2tral, au c\u0153ur de l\u2019acte politique, au c\u0153ur de l\u2019affirmation de vie&nbsp;?<\/span><\/p>\n<p style=\"text-align: justify;\"><span style=\"font-family: helvetica, arial, sans-serif; font-size: 12pt; color: #000000;\">C\u2019est \u00e0 quoi s\u2019essaie le pr\u00e9sent ouvrage en forme d\u2019ab\u00e9c\u00e9daire, rassemblant, sous une cinquantaine de mots-clefs, les contributions &#8211; non sign\u00e9es individuellement mais assum\u00e9es en commun &#8211; de divers membres du Collectif \u00ab&nbsp;Th\u00e9\u00e2tres de l\u2019autre&nbsp;\u00bb. L\u2019enjeu en est de rendre publique, dans ses frottements voire dans ses contradictions, une parole plurielle qui ne cl\u00f4ture pas ce dont elle t\u00e9moigne, mais le questionne. Une parole qui s\u2019expose depuis les th\u00e9\u00e2tres de l\u2019autre plut\u00f4t qu\u2019un discours qui se poserait sur eux.<\/span><\/p>\n<p style=\"text-align: justify;\"><span style=\"font-family: helvetica,arial,sans-serif;\"><img loading=\"lazy\" class=\"size-full wp-image-1967 alignnone\" src=\"http:\/\/wordpress.missgriff.org\/wp-content\/uploads\/2017\/12\/bandnoir.jpg\" alt=\"\" width=\"1045\" height=\"10\" srcset=\"http:\/\/wordpress.missgriff.org\/wp-content\/uploads\/2017\/12\/bandnoir.jpg 1045w, http:\/\/wordpress.missgriff.org\/wp-content\/uploads\/2017\/12\/bandnoir-768x7.jpg 768w, http:\/\/wordpress.missgriff.org\/wp-content\/uploads\/2017\/12\/bandnoir-830x8.jpg 830w, http:\/\/wordpress.missgriff.org\/wp-content\/uploads\/2017\/12\/bandnoir-230x2.jpg 230w, http:\/\/wordpress.missgriff.org\/wp-content\/uploads\/2017\/12\/bandnoir-350x3.jpg 350w, http:\/\/wordpress.missgriff.org\/wp-content\/uploads\/2017\/12\/bandnoir-480x5.jpg 480w\" sizes=\"(max-width: 1045px) 100vw, 1045px\" \/><\/span><\/p>\n<div class=\"divFicheLivreResume\" style=\"text-align: justify;\">\n<p><span style=\"font-size: 12pt;\"><strong><span style=\"font-family: helvetica, arial, sans-serif; color: #800080;\">UN AMOUR SANS NOM<\/span><\/strong><\/span>&nbsp;<strong><span style=\"color: #800080;\"><a href=\"http:\/\/wordpress.missgriff.org\/wp-content\/uploads\/2017\/04\/unamoursansnom-couv.jpg\"><img loading=\"lazy\" class=\"alignleft wp-image-382\" src=\"http:\/\/wordpress.missgriff.org\/wp-content\/uploads\/2017\/04\/unamoursansnom-couv-220x300.jpg\" alt=\"\" width=\"298\" height=\"406\" srcset=\"http:\/\/wordpress.missgriff.org\/wp-content\/uploads\/2017\/04\/unamoursansnom-couv-220x300.jpg 220w, http:\/\/wordpress.missgriff.org\/wp-content\/uploads\/2017\/04\/unamoursansnom-couv-768x1046.jpg 768w, http:\/\/wordpress.missgriff.org\/wp-content\/uploads\/2017\/04\/unamoursansnom-couv-752x1024.jpg 752w, http:\/\/wordpress.missgriff.org\/wp-content\/uploads\/2017\/04\/unamoursansnom-couv-830x1131.jpg 830w, http:\/\/wordpress.missgriff.org\/wp-content\/uploads\/2017\/04\/unamoursansnom-couv-230x313.jpg 230w, http:\/\/wordpress.missgriff.org\/wp-content\/uploads\/2017\/04\/unamoursansnom-couv-350x477.jpg 350w, http:\/\/wordpress.missgriff.org\/wp-content\/uploads\/2017\/04\/unamoursansnom-couv-480x654.jpg 480w, http:\/\/wordpress.missgriff.org\/wp-content\/uploads\/2017\/04\/unamoursansnom-couv.jpg 1734w\" sizes=\"(max-width: 298px) 100vw, 298px\" \/><\/a><\/span><\/strong><span style=\"font-size: 12pt;\"><span style=\"font-family: helvetica, arial, sans-serif; color: #ff00ff;\"><br \/>\n<\/span><\/span><span style=\"font-family: helvetica,arial,sans-serif; font-size: 12pt;\"><em><strong>Nicole Charpail<br \/>\n<\/strong><\/em><span style=\"font-size: 10pt; color: #ff00ff;\"><a style=\"color: #ff00ff;\" href=\"http:\/\/www.sulliver.com\/livre_nicole-charpail-un-amour-sans-nom_9782351220818.htm\" target=\"_blank\" rel=\"noopener\">(commander le livre sur internet)<\/a>&nbsp; &nbsp;<\/span><em><strong> &nbsp; &nbsp; &nbsp; &nbsp; &nbsp; &nbsp; &nbsp; &nbsp;<\/strong>&nbsp;&nbsp;<\/em><\/span><\/p>\n<div>\n<p><span style=\"font-family: helvetica, arial, sans-serif; font-size: 12pt;\">Pr\u00e9sent\u00e9e sous la double forme d&rsquo;un journal et d&rsquo;une correspondance \u00e0 une seule voix, l&rsquo;exploration sans tabou d&rsquo;une relation amoureuse destructrice qui conduira la narratrice dans un h\u00f4pital psychiatrique.<\/span><br \/>\n<span style=\"font-family: helvetica, arial, sans-serif; font-size: 12pt;\"> Pire qu&rsquo;une brutale d\u00e9possession, une histoire \u00e0 \u00e9clipses \u00e0 laquelle elle ne peut se soustraire plonge la narratrice dans une lancinante d\u00e9pression et l&rsquo;am\u00e8ne au fil des pages \u00e0 s&rsquo;interroger : quelle est cette puissance plus forte que la volont\u00e9 qui entretient l&rsquo;addiction \u00e0 un sentiment qui vous d\u00e9truit ? La compassion n&rsquo;a-t-elle pas de place l\u00e0 o\u00f9 a exist\u00e9 le d\u00e9sir ?<\/span><br \/>\n<span style=\"font-family: helvetica, arial, sans-serif; font-size: 12pt;\"> Et pourtant, m\u00eame dans les pires moments, la narratrice finira par chercher refuge pour se prot\u00e9ger d&rsquo;elle-m\u00eame dans cet \u00ab\u00a0HP\u00a0\u00bb dont elle restitue avec une ironie lucide l&rsquo;atmosph\u00e8re et la vie de tous les jours, subsistera une part salutaire d&rsquo;humour et d&rsquo;autod\u00e9rision.<br \/>\nEt La perspective de sortir grandie de cette confrontation aux <i>\u00ab affres et merveilles de la passion \u00bb.<\/i><\/span><\/p>\n<p><img loading=\"lazy\" class=\"size-full wp-image-1967 alignnone\" src=\"http:\/\/wordpress.missgriff.org\/wp-content\/uploads\/2017\/12\/bandnoir.jpg\" alt=\"\" width=\"1045\" height=\"10\" srcset=\"http:\/\/wordpress.missgriff.org\/wp-content\/uploads\/2017\/12\/bandnoir.jpg 1045w, http:\/\/wordpress.missgriff.org\/wp-content\/uploads\/2017\/12\/bandnoir-768x7.jpg 768w, http:\/\/wordpress.missgriff.org\/wp-content\/uploads\/2017\/12\/bandnoir-830x8.jpg 830w, http:\/\/wordpress.missgriff.org\/wp-content\/uploads\/2017\/12\/bandnoir-230x2.jpg 230w, http:\/\/wordpress.missgriff.org\/wp-content\/uploads\/2017\/12\/bandnoir-350x3.jpg 350w, http:\/\/wordpress.missgriff.org\/wp-content\/uploads\/2017\/12\/bandnoir-480x5.jpg 480w\" sizes=\"(max-width: 1045px) 100vw, 1045px\" \/><\/p>\n<\/div>\n<\/div>\n<div class=\"divClear\" style=\"text-align: justify;\"><span style=\"font-family: helvetica, arial, sans-serif; font-size: 12pt; color: #800080;\"><strong>Presse<\/strong><\/span><\/div>\n<div class=\"divClear\" style=\"text-align: justify;\"><span style=\"font-family: helvetica, arial, sans-serif; font-size: 10pt;\"><strong><em>V\u00e9ronique Rossignol &#8211; Livres Hebdo<\/em><\/strong><br \/>\nActrice et auteure dramatique, animatrice d&rsquo;ateliers de th\u00e9\u00e2tre dans les prisons, elle explore de l&rsquo;int\u00e9rieur, dans toutes ses nuances, le d\u00e9pit qui m\u00e8ne \u00e0 la folie, organisant son chant de douleur en 481 fragments num\u00e9rot\u00e9s, organis\u00e9s en 6 carnets. Les injonctions contradictoires du d\u00e9sir, les comportements ind\u00e9chiffrables du partenaire, les (nombreux) \u00e9clairs de lucidit\u00e9, le masochisme et l&rsquo;instinct de conservation &#8230; L&rsquo;amoureuse malmen\u00e9e passe par toutes les \u00e9tapes, mais c&rsquo;est lorsqu&rsquo;elle v\u00e9rifie l&rsquo;absence de compassion de son amant, quand l&rsquo;\u00e9vidence de la m\u00e9prise (non seulement il l&rsquo;aime pas, ne l&rsquo;a peut-\u00eatre jamais aim\u00e9e, mais, surtout, il se moque de la blesser) appara\u00eet dans toute sa cruaut\u00e9, que les derni\u00e8res d\u00e9fenses volent en \u00e9clats.<\/span><\/div>\n<div style=\"text-align: justify;\"><span style=\"font-size: 12pt;\">&nbsp;<\/span><\/div>\n<div style=\"text-align: justify;\"><span style=\"font-size: 10pt;\"><span style=\"font-family: helvetica, arial, sans-serif;\"><em><strong>Florence Bouchy &#8211; Le Monde des livres<\/strong><\/em><br \/>\n\u00c0 la lecture du tr\u00e8s beau premier roman de Nicole Charpail, on ne peut \u00e9viter de penser, d&rsquo;abord, aux Lettres portugaises (1669). Comme dans l&rsquo;\u0153uvre de Guilleragues, la narratrice d&rsquo;Un amour sans nom adresse \u00e0 l&rsquo;homme qui l&rsquo;a s\u00e9duite et d\u00e9\u00e7ue des lettres dont on ne nous livre pas les r\u00e9ponses. Comme dans les Lettres, l&rsquo;\u00e9criture est le lieu o\u00f9 se d\u00e9ploie l&rsquo;expression de la passion, de la souffrance et de la d\u00e9ception. [&#8230;] En 481 fragments num\u00e9rot\u00e9s, Nicole Charpail cherche pourquoi ce grain de sable lui a fait toucher ses propres limites et l&rsquo;a renvoy\u00e9e \u00e0 son incroyable solitude. L&rsquo;\u00e9criture est la derni\u00e8re trace d&rsquo;un d\u00e9sir de vivre qui pourrait rena\u00eetre, un d\u00e9sir d&rsquo;entrer en relation avec ses semblables. Car elle postule, \u00e0 n&rsquo;en pas douter, que quelqu&rsquo;un l&rsquo;\u00e9coute tandis qu&rsquo;elle se plaint que personne ne l&rsquo;entend. Elle se croit parfois simple t\u00e9moignage permettant que \u00ab\u00a0quelqu&rsquo;un d&rsquo;autre qui vivrait cela puisse savoir qu&rsquo;il n&rsquo;est pas seul\u00a0\u00bb. Elle est bien plus encore, cependant.&nbsp;<\/span><\/span><\/div>\n<div style=\"text-align: justify;\"><span style=\"font-family: helvetica, arial, sans-serif; font-size: 12pt;\"><span style=\"font-size: 10pt;\"> La plume tr\u00e8s analytique de Nicole Charpail, n\u00e9cessairement ressassante, construit peu \u00e0 peu un pont entre elle et les autres. Ce n&rsquo;est plus elle seulement qui t\u00e9moigne de son histoire, c&rsquo;est avant tout le lecteur qui en devient le t\u00e9moin, cr\u00e9ant par l\u00e0 une communaut\u00e9 bienveillante avec la narratrice.<\/span><\/span><\/div>\n<div style=\"text-align: justify;\">&nbsp;<\/div>\n<div style=\"text-align: justify;\"><span style=\"font-family: helvetica,arial,sans-serif;\"><img loading=\"lazy\" class=\"wp-image-2174 size-full alignnone\" src=\"http:\/\/wordpress.missgriff.org\/wp-content\/uploads\/2018\/01\/triangle-jaune.jpg\" alt=\"\" width=\"1045\" height=\"432\" srcset=\"http:\/\/wordpress.missgriff.org\/wp-content\/uploads\/2018\/01\/triangle-jaune.jpg 1045w, http:\/\/wordpress.missgriff.org\/wp-content\/uploads\/2018\/01\/triangle-jaune-768x317.jpg 768w, http:\/\/wordpress.missgriff.org\/wp-content\/uploads\/2018\/01\/triangle-jaune-830x343.jpg 830w, http:\/\/wordpress.missgriff.org\/wp-content\/uploads\/2018\/01\/triangle-jaune-230x95.jpg 230w, http:\/\/wordpress.missgriff.org\/wp-content\/uploads\/2018\/01\/triangle-jaune-350x145.jpg 350w, http:\/\/wordpress.missgriff.org\/wp-content\/uploads\/2018\/01\/triangle-jaune-480x198.jpg 480w\" sizes=\"(max-width: 1045px) 100vw, 1045px\" \/><\/span><\/div>\n","protected":false},"excerpt":{"rendered":"<p>MISS GRIFF [en allemand] : gaffe, erreur, faux-pas. D\u00e9p\u00each\u00e9e pour c\u00e9l\u00e9brer la grand-messe de la culture et de la sant\u00e9, Miss Griff finira bien par l&rsquo;ex\u00e9cuter, mais \u00e0 bout portant. Car maintenant, ils sont trois: Elle, sur sc\u00e8ne, Lui (son amant), cach\u00e9 en coulisse, Eux (les spectateurs). Miss Griff va faire du dispositif th\u00e9\u00e2tral la [&hellip;]<\/p>\n","protected":false},"author":1,"featured_media":0,"parent":0,"menu_order":0,"comment_status":"closed","ping_status":"closed","template":"","meta":{"ngg_post_thumbnail":0},"_links":{"self":[{"href":"http:\/\/wordpress.missgriff.org\/index.php?rest_route=\/wp\/v2\/pages\/1597"}],"collection":[{"href":"http:\/\/wordpress.missgriff.org\/index.php?rest_route=\/wp\/v2\/pages"}],"about":[{"href":"http:\/\/wordpress.missgriff.org\/index.php?rest_route=\/wp\/v2\/types\/page"}],"author":[{"embeddable":true,"href":"http:\/\/wordpress.missgriff.org\/index.php?rest_route=\/wp\/v2\/users\/1"}],"replies":[{"embeddable":true,"href":"http:\/\/wordpress.missgriff.org\/index.php?rest_route=%2Fwp%2Fv2%2Fcomments&post=1597"}],"version-history":[{"count":62,"href":"http:\/\/wordpress.missgriff.org\/index.php?rest_route=\/wp\/v2\/pages\/1597\/revisions"}],"predecessor-version":[{"id":2407,"href":"http:\/\/wordpress.missgriff.org\/index.php?rest_route=\/wp\/v2\/pages\/1597\/revisions\/2407"}],"wp:attachment":[{"href":"http:\/\/wordpress.missgriff.org\/index.php?rest_route=%2Fwp%2Fv2%2Fmedia&parent=1597"}],"curies":[{"name":"wp","href":"https:\/\/api.w.org\/{rel}","templated":true}]}}